{"id":495,"date":"2020-04-21T22:24:03","date_gmt":"2020-04-21T22:24:03","guid":{"rendered":"https:\/\/deathandillness.com\/visibilizando-el-dolor\/"},"modified":"2024-04-13T20:13:51","modified_gmt":"2024-04-13T20:13:51","slug":"visibilizando-el-dolor","status":"publish","type":"page","link":"https:\/\/deathandillness.com\/en\/visibilizando-el-dolor\/","title":{"rendered":"VISIBILIZANDO EL DOLOR"},"content":{"rendered":"<p>[et_pb_section][et_pb_row][et_pb_column type=&#8221;4_4&#8243;][et_pb_text]<\/p>\n<h4><strong>VISIBILIZANDO EL DOLOR: NARRATIVAS VISUALES DE LA ENFERMEDAD Y STORYTELLING TRANSMEDIA<\/strong>\u00a0(2019-2021, RTI2018-098181-A-I00)<\/h4>\n<p class=\"has-text-color has-very-dark-gray-color\"><em>Proyecto de Investigaci\u00f3n financiado por la CONVOCATORIA 2018 DE PROYECTOS I+D+i \u00abRETOS INVESTIGACI\u00d3N\u00bb DEL PROGRAMA ESTATAL DE I+D+i ORIENTADA A LOS RETOS DE LA SOCIEDAD.<\/em><\/p>\n<p>La aparici\u00f3n de Internet, las redes sociales, aplicaciones como WhatsApp y otras tecnolog\u00edas han transformado la manera en la que la sociedad se relaciona, se presenta a los dem\u00e1s y se comunica. Esta metamorfosis de los medios de comunicaci\u00f3n ha generado un cambio esencial en la figura del espectador\/destinatario\/usuario que adquiere un rol activo en este nuevo contexto accediendo incluso al poder de autorrepresentarse p\u00fablicamente. Este es un elemento especialmente importante en un sector concreto de la poblaci\u00f3n: los pacientes, sus familiares y cuidadores, adem\u00e1s de quienes se relacionan directamente con ellos: m\u00e9dicos, enfermeras, farmac\u00e9uticas, agencias de publicidad y medios de comunicaci\u00f3n.<\/p>\n<p>Hasta la aparici\u00f3n de Internet, las im\u00e1genes p\u00fablicas de determinadas enfermedades (y de las personas afectadas por ellas) eran generadas casi exclusivamente por doctores interesados en los casos m\u00e1s dram\u00e1ticos y periodistas que esencialmente hablaban de ellas cuando estaban vinculadas con noticias y sucesos. Este hecho parece estar en la base de la aparici\u00f3n de algunas iconograf\u00edas estigmatizantes y deshumanizadoras, especialmente preocupantes en casos de enfermedades mentales o SIDA, por ejemplo. Por este motivo, el acceso de pacientes, familiares y cuidadores a Internet parece estar generando un cambio no s\u00f3lo en el modo en el que ellos mismos se representan, sino en la percepci\u00f3n social y, lo que es m\u00e1s importante para este estudio, en c\u00f3mo son representados visualmente en el \u00e1mbito p\u00fablico por los medios de comunicaci\u00f3n, las instituciones, el cine, las series, el arte y\/o las agencias de publicidad. Dentro de este contexto resulta interesante analizar las nuevas narrativas de la enfermedad, por medio no s\u00f3lo de los relatos visuales\/fotograf\u00edas (Marzal, 2015), sino tambi\u00e9n teniendo en cuenta las aportaciones del storytelling transmedia contempor\u00e1neo.<\/p>\n<p>Hay muy poca bibliograf\u00eda sobre estos casos, pero comienza a haber alguna gu\u00eda como la de FEAFES (2008) sobre c\u00f3mo escribir correctamente en comunicaci\u00f3n en salud, c\u00f3mo se ha de diferenciar a la persona de la enfermedad (por tanto, no es correcto hablar de \u201cesquizofr\u00e9nico\u201d sino de \u201cpersona con esquizofrenia\u201d). Este tipo de documentos, a\u00fan incipientes, aportan peque\u00f1os cambios en la manera en que se elaboran los relatos verbales que est\u00e1n ayudando a transformar la manera en que se percibe socialmente la enfermedad y todos los afectados por ella.<\/p>\n<p>Este proyecto propone elaborar un estudio de las im\u00e1genes p\u00fablicas de la enfermedad y los relatos (storytelling) que han ido marcando la imagen social y cultural de estos colectivos, para poder analizar la evoluci\u00f3n de su estigmatizaci\u00f3n o socializaci\u00f3n (dependiendo de los casos), as\u00ed como la influencia que hayan podido tener cuestiones \u201cex\u00f3genas\u201d (hist\u00f3ricas, publicitarias, filos\u00f3ficas o incluso de g\u00e9nero) en los cambios que puedan observarse.<\/p>\n<p>La finalidad es no s\u00f3lo llevar a cabo un an\u00e1lisis profundo de las narrativas visuales y sus elementos esenciales en su contexto hist\u00f3rico, medi\u00e1tico y cultural, sino poder tambi\u00e9n realizar una propuesta o una gu\u00eda que pueda orientar en una representaci\u00f3n visual de este colectivo m\u00e1s \u00e9tica y m\u00e1s cercana a la realidad de todos sus protagonistas.<\/p>\n<p>&nbsp;<\/p>\n<p>[\/et_pb_text][\/et_pb_column][\/et_pb_row][\/et_pb_section]<\/p>\n","protected":false},"excerpt":{"rendered":"<p><div class=\"et_pb_section et_pb_section_0 et_section_regular\" >\n\t\t\t\t\n\t\t\t\t\n\t\t\t\t\n\t\t\t\t\n\t\t\t\t\n\t\t\t\t\n\t\t\t\t\n\t\t\t\t\n\t\t\t\t\n\t\t\t<\/div><div class=\"et_pb_row et_pb_row_0 et_pb_row_empty\">\n\t\t\t\t\n\t\t\t\t\n\t\t\t\t\n\t\t\t\t\n\t\t\t\t\n\t\t\t<\/div><div class=\"et_pb_module et_pb_text et_pb_text_0  et_pb_text_align_left et_pb_bg_layout_light\">\n\t\t\t\t\n\t\t\t\t\n\t\t\t\t\n\t\t\t\t\n\t\t\t\t\n\t\t\t<\/div> VISIBILIZANDO EL DOLOR: NARRATIVAS VISUALES DE LA ENFERMEDAD Y STORYTELLING TRANSMEDIA\u00a0(2019-2021, RTI2018-098181-A-I00) Proyecto de Investigaci\u00f3n financiado por la CONVOCATORIA 2018 DE PROYECTOS I+D+i \u00abRETOS INVESTIGACI\u00d3N\u00bb DEL PROGRAMA ESTATAL DE I+D+i ORIENTADA A LOS RETOS DE LA SOCIEDAD. La aparici\u00f3n de Internet, las redes sociales, aplicaciones como WhatsApp y otras tecnolog\u00edas han transformado la manera [&hellip;]<\/p>\n","protected":false},"author":3,"featured_media":0,"parent":0,"menu_order":3,"comment_status":"closed","ping_status":"closed","template":"","meta":{"_et_pb_use_builder":"on","_et_pb_old_content":"<!-- wp:heading {\"level\":4} -->\r\n<h4><strong>VISIBILIZANDO EL DOLOR: NARRATIVAS VISUALES DE LA ENFERMEDAD Y STORYTELLING TRANSMEDIA<\/strong>\u00a0(2019-2021, RTI2018-098181-A-I00)<\/h4>\r\n<!-- \/wp:heading --><!-- wp:paragraph {\"textColor\":\"very-dark-gray\"} -->\r\n<p class=\"has-text-color has-very-dark-gray-color\"><em>Proyecto de Investigaci\u00f3n financiado por la CONVOCATORIA 2018 DE PROYECTOS I+D+i \u00abRETOS INVESTIGACI\u00d3N\u00bb DEL PROGRAMA ESTATAL DE I+D+i ORIENTADA A LOS RETOS DE LA SOCIEDAD.<\/em><\/p>\r\n<!-- \/wp:paragraph --><!-- wp:paragraph -->\r\n<p>La aparici\u00f3n de Internet, las redes sociales, aplicaciones como WhatsApp y otras tecnolog\u00edas han transformado la manera en la que la sociedad se relaciona, se presenta a los dem\u00e1s y se comunica. Esta metamorfosis de los medios de comunicaci\u00f3n ha generado un cambio esencial en la figura del espectador\/destinatario\/usuario que adquiere un rol activo en este nuevo contexto accediendo incluso al poder de autorrepresentarse p\u00fablicamente. Este es un elemento especialmente importante en un sector concreto de la poblaci\u00f3n: los pacientes, sus familiares y cuidadores, adem\u00e1s de quienes se relacionan directamente con ellos: m\u00e9dicos, enfermeras, farmac\u00e9uticas, agencias de publicidad y medios de comunicaci\u00f3n.<\/p>\r\n<!-- \/wp:paragraph --><!-- wp:paragraph -->\r\n<p>Hasta la aparici\u00f3n de Internet, las im\u00e1genes p\u00fablicas de determinadas enfermedades (y de las personas afectadas por ellas) eran generadas casi exclusivamente por doctores interesados en los casos m\u00e1s dram\u00e1ticos y periodistas que esencialmente hablaban de ellas cuando estaban vinculadas con noticias y sucesos. Este hecho parece estar en la base de la aparici\u00f3n de algunas iconograf\u00edas estigmatizantes y deshumanizadoras, especialmente preocupantes en casos de enfermedades mentales o SIDA, por ejemplo. Por este motivo, el acceso de pacientes, familiares y cuidadores a Internet parece estar generando un cambio no s\u00f3lo en el modo en el que ellos mismos se representan, sino en la percepci\u00f3n social y, lo que es m\u00e1s importante para este estudio, en c\u00f3mo son representados visualmente en el \u00e1mbito p\u00fablico por los medios de comunicaci\u00f3n, las instituciones, el cine, las series, el arte y\/o las agencias de publicidad. Dentro de este contexto resulta interesante analizar las nuevas narrativas de la enfermedad, por medio no s\u00f3lo de los relatos visuales\/fotograf\u00edas (Marzal, 2015), sino tambi\u00e9n teniendo en cuenta las aportaciones del storytelling transmedia contempor\u00e1neo.<\/p>\r\n<!-- \/wp:paragraph --><!-- wp:paragraph -->\r\n<p>Hay muy poca bibliograf\u00eda sobre estos casos, pero comienza a haber alguna gu\u00eda como la de FEAFES (2008) sobre c\u00f3mo escribir correctamente en comunicaci\u00f3n en salud, c\u00f3mo se ha de diferenciar a la persona de la enfermedad (por tanto, no es correcto hablar de \u201cesquizofr\u00e9nico\u201d sino de \u201cpersona con esquizofrenia\u201d). Este tipo de documentos, a\u00fan incipientes, aportan peque\u00f1os cambios en la manera en que se elaboran los relatos verbales que est\u00e1n ayudando a transformar la manera en que se percibe socialmente la enfermedad y todos los afectados por ella.<\/p>\r\n<!-- \/wp:paragraph --><!-- wp:paragraph -->\r\n<p>Este proyecto propone elaborar un estudio de las im\u00e1genes p\u00fablicas de la enfermedad y los relatos (storytelling) que han ido marcando la imagen social y cultural de estos colectivos, para poder analizar la evoluci\u00f3n de su estigmatizaci\u00f3n o socializaci\u00f3n (dependiendo de los casos), as\u00ed como la influencia que hayan podido tener cuestiones \u201cex\u00f3genas\u201d (hist\u00f3ricas, publicitarias, filos\u00f3ficas o incluso de g\u00e9nero) en los cambios que puedan observarse.<\/p>\r\n<!-- \/wp:paragraph --><!-- wp:paragraph -->\r\n<p>La finalidad es no s\u00f3lo llevar a cabo un an\u00e1lisis profundo de las narrativas visuales y sus elementos esenciales en su contexto hist\u00f3rico, medi\u00e1tico y cultural, sino poder tambi\u00e9n realizar una propuesta o una gu\u00eda que pueda orientar en una representaci\u00f3n visual de este colectivo m\u00e1s \u00e9tica y m\u00e1s cercana a la realidad de todos sus protagonistas.<\/p>\r\n<!-- \/wp:paragraph --><!-- wp:paragraph -->\r\n<p>\u00a0<\/p>\r\n<!-- \/wp:paragraph -->","_et_gb_content_width":"","footnotes":""},"class_list":["post-495","page","type-page","status-publish","hentry"],"_links":{"self":[{"href":"https:\/\/deathandillness.com\/en\/wp-json\/wp\/v2\/pages\/495","targetHints":{"allow":["GET"]}}],"collection":[{"href":"https:\/\/deathandillness.com\/en\/wp-json\/wp\/v2\/pages"}],"about":[{"href":"https:\/\/deathandillness.com\/en\/wp-json\/wp\/v2\/types\/page"}],"author":[{"embeddable":true,"href":"https:\/\/deathandillness.com\/en\/wp-json\/wp\/v2\/users\/3"}],"replies":[{"embeddable":true,"href":"https:\/\/deathandillness.com\/en\/wp-json\/wp\/v2\/comments?post=495"}],"version-history":[{"count":1,"href":"https:\/\/deathandillness.com\/en\/wp-json\/wp\/v2\/pages\/495\/revisions"}],"predecessor-version":[{"id":639,"href":"https:\/\/deathandillness.com\/en\/wp-json\/wp\/v2\/pages\/495\/revisions\/639"}],"wp:attachment":[{"href":"https:\/\/deathandillness.com\/en\/wp-json\/wp\/v2\/media?parent=495"}],"curies":[{"name":"wp","href":"https:\/\/api.w.org\/{rel}","templated":true}]}}

<p>[et_pb_section][et_pb_row][et_pb_column type=&#8221;4_4&#8243;][et_pb_text]</p>
<h4><strong>VISIBILIZANDO EL DOLOR: NARRATIVAS VISUALES DE LA ENFERMEDAD Y STORYTELLING TRANSMEDIA</strong> (2019-2021, RTI2018-098181-A-I00)</h4>
<p class="has-text-color has-very-dark-gray-color"><em>Proyecto de Investigación financiado por la CONVOCATORIA 2018 DE PROYECTOS I+D+i «RETOS INVESTIGACIÓN» DEL PROGRAMA ESTATAL DE I+D+i ORIENTADA A LOS RETOS DE LA SOCIEDAD.</em></p>
<p>La aparición de Internet, las redes sociales, aplicaciones como WhatsApp y otras tecnologías han transformado la manera en la que la sociedad se relaciona, se presenta a los demás y se comunica. Esta metamorfosis de los medios de comunicación ha generado un cambio esencial en la figura del espectador/destinatario/usuario que adquiere un rol activo en este nuevo contexto accediendo incluso al poder de autorrepresentarse públicamente. Este es un elemento especialmente importante en un sector concreto de la población: los pacientes, sus familiares y cuidadores, además de quienes se relacionan directamente con ellos: médicos, enfermeras, farmacéuticas, agencias de publicidad y medios de comunicación.</p>
<p>Hasta la aparición de Internet, las imágenes públicas de determinadas enfermedades (y de las personas afectadas por ellas) eran generadas casi exclusivamente por doctores interesados en los casos más dramáticos y periodistas que esencialmente hablaban de ellas cuando estaban vinculadas con noticias y sucesos. Este hecho parece estar en la base de la aparición de algunas iconografías estigmatizantes y deshumanizadoras, especialmente preocupantes en casos de enfermedades mentales o SIDA, por ejemplo. Por este motivo, el acceso de pacientes, familiares y cuidadores a Internet parece estar generando un cambio no sólo en el modo en el que ellos mismos se representan, sino en la percepción social y, lo que es más importante para este estudio, en cómo son representados visualmente en el ámbito público por los medios de comunicación, las instituciones, el cine, las series, el arte y/o las agencias de publicidad. Dentro de este contexto resulta interesante analizar las nuevas narrativas de la enfermedad, por medio no sólo de los relatos visuales/fotografías (Marzal, 2015), sino también teniendo en cuenta las aportaciones del storytelling transmedia contemporáneo.</p>
<p>Hay muy poca bibliografía sobre estos casos, pero comienza a haber alguna guía como la de FEAFES (2008) sobre cómo escribir correctamente en comunicación en salud, cómo se ha de diferenciar a la persona de la enfermedad (por tanto, no es correcto hablar de “esquizofrénico” sino de “persona con esquizofrenia”). Este tipo de documentos, aún incipientes, aportan pequeños cambios en la manera en que se elaboran los relatos verbales que están ayudando a transformar la manera en que se percibe socialmente la enfermedad y todos los afectados por ella.</p>
<p>Este proyecto propone elaborar un estudio de las imágenes públicas de la enfermedad y los relatos (storytelling) que han ido marcando la imagen social y cultural de estos colectivos, para poder analizar la evolución de su estigmatización o socialización (dependiendo de los casos), así como la influencia que hayan podido tener cuestiones “exógenas” (históricas, publicitarias, filosóficas o incluso de género) en los cambios que puedan observarse.</p>
<p>La finalidad es no sólo llevar a cabo un análisis profundo de las narrativas visuales y sus elementos esenciales en su contexto histórico, mediático y cultural, sino poder también realizar una propuesta o una guía que pueda orientar en una representación visual de este colectivo más ética y más cercana a la realidad de todos sus protagonistas.</p>
<p>&nbsp;</p>
<p>[/et_pb_text][/et_pb_column][/et_pb_row][/et_pb_section]</p>

<p><div class="et_pb_section et_pb_section_0 et_section_regular" >
				
				
				
				
				
				
				
				
				
			</div><div class="et_pb_row et_pb_row_0 et_pb_row_empty">
				
				
				
				
				
			</div><div class="et_pb_module et_pb_text et_pb_text_0  et_pb_text_align_left et_pb_bg_layout_light">
				
				
				
				
				
			</div> VISIBILIZANDO EL DOLOR: NARRATIVAS VISUALES DE LA ENFERMEDAD Y STORYTELLING TRANSMEDIA (2019-2021, RTI2018-098181-A-I00) Proyecto de Investigación financiado por la CONVOCATORIA 2018 DE PROYECTOS I+D+i «RETOS INVESTIGACIÓN» DEL PROGRAMA ESTATAL DE I+D+i ORIENTADA A LOS RETOS DE LA SOCIEDAD. La aparición de Internet, las redes sociales, aplicaciones como WhatsApp y otras tecnologías han transformado la manera [&hellip;]</p>

<!-- wp:heading {"level":4} -->
<h4><strong>VISIBILIZANDO EL DOLOR: NARRATIVAS VISUALES DE LA ENFERMEDAD Y STORYTELLING TRANSMEDIA</strong> (2019-2021, RTI2018-098181-A-I00)</h4>
<!-- /wp:heading --><!-- wp:paragraph {"textColor":"very-dark-gray"} -->
<p class="has-text-color has-very-dark-gray-color"><em>Proyecto de Investigación financiado por la CONVOCATORIA 2018 DE PROYECTOS I+D+i «RETOS INVESTIGACIÓN» DEL PROGRAMA ESTATAL DE I+D+i ORIENTADA A LOS RETOS DE LA SOCIEDAD.</em></p>
<!-- /wp:paragraph --><!-- wp:paragraph -->
<p>La aparición de Internet, las redes sociales, aplicaciones como WhatsApp y otras tecnologías han transformado la manera en la que la sociedad se relaciona, se presenta a los demás y se comunica. Esta metamorfosis de los medios de comunicación ha generado un cambio esencial en la figura del espectador/destinatario/usuario que adquiere un rol activo en este nuevo contexto accediendo incluso al poder de autorrepresentarse públicamente. Este es un elemento especialmente importante en un sector concreto de la población: los pacientes, sus familiares y cuidadores, además de quienes se relacionan directamente con ellos: médicos, enfermeras, farmacéuticas, agencias de publicidad y medios de comunicación.</p>
<!-- /wp:paragraph --><!-- wp:paragraph -->
<p>Hasta la aparición de Internet, las imágenes públicas de determinadas enfermedades (y de las personas afectadas por ellas) eran generadas casi exclusivamente por doctores interesados en los casos más dramáticos y periodistas que esencialmente hablaban de ellas cuando estaban vinculadas con noticias y sucesos. Este hecho parece estar en la base de la aparición de algunas iconografías estigmatizantes y deshumanizadoras, especialmente preocupantes en casos de enfermedades mentales o SIDA, por ejemplo. Por este motivo, el acceso de pacientes, familiares y cuidadores a Internet parece estar generando un cambio no sólo en el modo en el que ellos mismos se representan, sino en la percepción social y, lo que es más importante para este estudio, en cómo son representados visualmente en el ámbito público por los medios de comunicación, las instituciones, el cine, las series, el arte y/o las agencias de publicidad. Dentro de este contexto resulta interesante analizar las nuevas narrativas de la enfermedad, por medio no sólo de los relatos visuales/fotografías (Marzal, 2015), sino también teniendo en cuenta las aportaciones del storytelling transmedia contemporáneo.</p>
<!-- /wp:paragraph --><!-- wp:paragraph -->
<p>Hay muy poca bibliografía sobre estos casos, pero comienza a haber alguna guía como la de FEAFES (2008) sobre cómo escribir correctamente en comunicación en salud, cómo se ha de diferenciar a la persona de la enfermedad (por tanto, no es correcto hablar de “esquizofrénico” sino de “persona con esquizofrenia”). Este tipo de documentos, aún incipientes, aportan pequeños cambios en la manera en que se elaboran los relatos verbales que están ayudando a transformar la manera en que se percibe socialmente la enfermedad y todos los afectados por ella.</p>
<!-- /wp:paragraph --><!-- wp:paragraph -->
<p>Este proyecto propone elaborar un estudio de las imágenes públicas de la enfermedad y los relatos (storytelling) que han ido marcando la imagen social y cultural de estos colectivos, para poder analizar la evolución de su estigmatización o socialización (dependiendo de los casos), así como la influencia que hayan podido tener cuestiones “exógenas” (históricas, publicitarias, filosóficas o incluso de género) en los cambios que puedan observarse.</p>
<!-- /wp:paragraph --><!-- wp:paragraph -->
<p>La finalidad es no sólo llevar a cabo un análisis profundo de las narrativas visuales y sus elementos esenciales en su contexto histórico, mediático y cultural, sino poder también realizar una propuesta o una guía que pueda orientar en una representación visual de este colectivo más ética y más cercana a la realidad de todos sus protagonistas.</p>
<!-- /wp:paragraph --><!-- wp:paragraph -->
<p> </p>
<!-- /wp:paragraph -->
